{"id":2804,"date":"2017-11-03T16:42:03","date_gmt":"2017-11-03T14:42:03","guid":{"rendered":"http:\/\/turacsuka.hu\/?page_id=2804"},"modified":"2017-11-03T16:42:03","modified_gmt":"2017-11-03T14:42:03","slug":"vass-lajos-szimfonikus-zenekar-hangversenye-2017-november-12-en","status":"publish","type":"page","link":"https:\/\/turacsuka.hu\/?page_id=2804","title":{"rendered":"Vass Lajos szimfonikus zenekar hangversenye 2017. november 12-\u00e9n"},"content":{"rendered":"<p>J\u00f3zsefv\u00e1ros II. J\u00f3zsefr\u0151l kapta nev\u00e9t 1777-ben. Fenn\u00e1ll\u00e1s\u00e1nak 240. \u00e9vfordul\u00f3j\u00e1n a Vass Lajos Szimfonikus Zenekar a n\u00e9vad\u00f3 zeneszerz\u0151 ismer\u0151seinek m\u0171veit id\u00e9zi fel.<br \/>\nM\u0171sor:<br \/>\nSalieri: Sinfonia Veneziana<br \/>\nMozart: F-d\u00far divertimento (K.138)<br \/>\nMozart: Figaro h\u00e1zass\u00e1ga &#8211; lev\u00e9lduett<br \/>\nHaydn: M\u00e1ria Ter\u00e9zia szimf\u00f3nia (No. 48.)<br \/>\nK\u00f6zrem\u0171k\u00f6dik:<br \/>\nB\u00e1ndi \u00cdrisz R\u00e9ka \u00e9s N\u00e1sz Ren\u00e1ta &#8211; \u00e9nek<br \/>\nVez\u00e9nyel: Uzsaly Bence<\/p>\n","protected":false},"excerpt":{"rendered":"<p>J\u00f3zsefv\u00e1ros II. J\u00f3zsefr\u0151l kapta nev\u00e9t 1777-ben. Fenn\u00e1ll\u00e1s\u00e1nak 240. \u00e9vfordul\u00f3j\u00e1n a Vass Lajos Szimfonikus Zenekar a n\u00e9vad\u00f3 zeneszerz\u0151 ismer\u0151seinek m\u0171veit id\u00e9zi [&hellip;]<\/p>\n","protected":false},"author":1,"featured_media":0,"parent":0,"menu_order":0,"comment_status":"closed","ping_status":"closed","template":"","meta":{"site-sidebar-layout":"default","site-content-layout":"","ast-site-content-layout":"default","site-content-style":"default","site-sidebar-style":"default","ast-global-header-display":"","ast-banner-title-visibility":"","ast-main-header-display":"","ast-hfb-above-header-display":"","ast-hfb-below-header-display":"","ast-hfb-mobile-header-display":"","site-post-title":"","ast-breadcrumbs-content":"","ast-featured-img":"","footer-sml-layout":"","ast-disable-related-posts":"","theme-transparent-header-meta":"","adv-header-id-meta":"","stick-header-meta":"","header-above-stick-meta":"","header-main-stick-meta":"","header-below-stick-meta":"","astra-migrate-meta-layouts":"default","ast-page-background-enabled":"default","ast-page-background-meta":{"desktop":{"background-color":"var(--ast-global-color-5)","background-image":"","background-repeat":"repeat","background-position":"center center","background-size":"auto","background-attachment":"scroll","background-type":"","background-media":"","overlay-type":"","overlay-color":"","overlay-opacity":"","overlay-gradient":""},"tablet":{"background-color":"","background-image":"","background-repeat":"repeat","background-position":"center center","background-size":"auto","background-attachment":"scroll","background-type":"","background-media":"","overlay-type":"","overlay-color":"","overlay-opacity":"","overlay-gradient":""},"mobile":{"background-color":"","background-image":"","background-repeat":"repeat","background-position":"center center","background-size":"auto","background-attachment":"scroll","background-type":"","background-media":"","overlay-type":"","overlay-color":"","overlay-opacity":"","overlay-gradient":""}},"ast-content-background-meta":{"desktop":{"background-color":"var(--ast-global-color-4)","background-image":"","background-repeat":"repeat","background-position":"center center","background-size":"auto","background-attachment":"scroll","background-type":"","background-media":"","overlay-type":"","overlay-color":"","overlay-opacity":"","overlay-gradient":""},"tablet":{"background-color":"var(--ast-global-color-4)","background-image":"","background-repeat":"repeat","background-position":"center center","background-size":"auto","background-attachment":"scroll","background-type":"","background-media":"","overlay-type":"","overlay-color":"","overlay-opacity":"","overlay-gradient":""},"mobile":{"background-color":"var(--ast-global-color-4)","background-image":"","background-repeat":"repeat","background-position":"center center","background-size":"auto","background-attachment":"scroll","background-type":"","background-media":"","overlay-type":"","overlay-color":"","overlay-opacity":"","overlay-gradient":""}},"footnotes":""},"class_list":["post-2804","page","type-page","status-publish","hentry"],"_links":{"self":[{"href":"https:\/\/turacsuka.hu\/index.php?rest_route=\/wp\/v2\/pages\/2804","targetHints":{"allow":["GET"]}}],"collection":[{"href":"https:\/\/turacsuka.hu\/index.php?rest_route=\/wp\/v2\/pages"}],"about":[{"href":"https:\/\/turacsuka.hu\/index.php?rest_route=\/wp\/v2\/types\/page"}],"author":[{"embeddable":true,"href":"https:\/\/turacsuka.hu\/index.php?rest_route=\/wp\/v2\/users\/1"}],"replies":[{"embeddable":true,"href":"https:\/\/turacsuka.hu\/index.php?rest_route=%2Fwp%2Fv2%2Fcomments&post=2804"}],"version-history":[{"count":1,"href":"https:\/\/turacsuka.hu\/index.php?rest_route=\/wp\/v2\/pages\/2804\/revisions"}],"predecessor-version":[{"id":2805,"href":"https:\/\/turacsuka.hu\/index.php?rest_route=\/wp\/v2\/pages\/2804\/revisions\/2805"}],"wp:attachment":[{"href":"https:\/\/turacsuka.hu\/index.php?rest_route=%2Fwp%2Fv2%2Fmedia&parent=2804"}],"curies":[{"name":"wp","href":"https:\/\/api.w.org\/{rel}","templated":true}]}}